n) = -2*n**2 + 503*n - 3903. Calculate g(8).
-7
Let n(k) = k**3 - 30*k**2 - 20*k + 599. What is n(30)?
-1
Let q(n) = 19*n + 121. Give q(3).
178
Let z(a) = a**2 - 51*a - 184. Determine z(34).
-762
Let u(w) = 2*w**3 + 16*w**2 + 104*w + 129. Give u(-3).
-93
Let f(m) = -2*m**2 + 11*m + 4. What is f(8)?
-36
Let o(x) = -x**2 + 375*x - 22462. Give o(75).
38
Let z(y) = -6*y**3 - 272*y**2 - 87*y + 47. Determine z(-45).
-88
Let l(m) = 37*m + 289. Determine l(-4).
141
Let u(s) = -248*s - 8077. Determine u(-33).
107
Let f(j) = -j**3 - 14*j**2 - 53*j - 15. Calculate f(-5).
25
Let g(f) = 12*f**2 - 2384*f + 1573. What is g(198)?
-11
Let t(q) = q**3 - 42*q**2 - 295*q - 40. Determine t(-6).
2
Let v(t) = -2*t**3 + 80*t**2 + 62*t + 774. Determine v(41).
-46
Let i(d) = -d**2 - 3*d + 16. What is i(-4)?
12
Let q(r) = 4198*r - 37791. Give q(9).
-9
Let k(r) = -2*r**3 - 14*r**2 - 17*r - 24. Calculate k(-8).
240
Let z(n) = 2*n**2 - 238*n - 34. Determine z(0).
-34
Let u(x) = -6*x**2 + 30*x + 31. Give u(6).
-5
Let l(k) = 16*k + 45. What is l(4)?
109
Let l(k) = -2422*k - 24214. Calculate l(-10).
6
Let u(b) = -6*b**3 + b**2 - 7*b + 16. Calculate u(2).
-42
Let r(b) = -120*b + 155. Calculate r(5).
-445
Let s(w) = -8*w + 299. Determine s(33).
35
Let u(o) = o**3 - 4*o**2 + 25*o - 69. Give u(4).
31
Let s(w) = w**3 + 12*w**2 + 5*w + 59. Determine s(-12).
-1
Let i(m) = -2*m - 86. Calculate i(0).
-86
Let z(j) = 8697*j - 34809. Determine z(4).
-21
Let h(b) = 12*b - 74. Determine h(5).
-14
Let c(m) = m**3 - 3*m**2 - 40*m + 141. Determine c(8).
141
Let b(m) = -163*m - 2109. Determine b(-13).
10
Let h(m) = m**2 - 27*m + 207. Determine h(23).
115
Let g(b) = -b**2 - 817*b - 165759. What is g(-442)?
-9
Let m(o) = -o**2 - 59*o - 578. What is m(-47)?
-14
Let s(b) = 22*b - 188. What is s(6)?
-56
Let f(y) = -8*y**3 + 38*y + 39. Determine f(-1).
9
Let y(n) = 2057*n + 24677. Determine y(-12).
-7
Let h(l) = -571*l + 1860. Determine h(4).
-424
Let z(d) = 2*d**2 - 1096*d - 19213. Give z(-17).
-3
Let x(c) = c**3 + 37*c**2 - 129*c - 1989. Calculate x(-39).
0
Let c(m) = m**2 + 44*m + 59. Calculate c(0).
59
Let t(x) = 2*x**2 - 74*x + 281. Give t(33).
17
Let p(s) = -9*s**2 - 72*s + 68. What is p(-9)?
-13
Let d(y) = -30161*y + 90484. What is d(3)?
1
Let j(h) = h**3 - 15*h**2 - 17*h + 22. What is j(16)?
6
Let k(m) = -28*m + 67. What is k(9)?
-185
Let h(q) = 14*q**2 - 18*q + 51. Determine h(3).
123
Let i(t) = -10*t + 593. Determine i(58).
13
Let f(s) = -3*s**3 - 30*s**2 + 128*s + 143. Determine f(-13).
0
Let p(o) = -o**3 + 54*o**2 + 565*o + 134. Give p(63).
8
Let k(q) = -8*q**2 + 69*q + 30. Give k(9).
3
Let w(s) = -166*s + 1665. Give w(10).
5
Let m(y) = -y**2 - 2*y + 221. Determine m(14).
-3
Let t(g) = g**2 + 17*g - 9. Determine t(-6).
-75
Let b(w) = 83*w - 972. Give b(12).
24
Let p(s) = 2*s - 822. Determine p(-6).
-834
Let k(v) = -v**2 + 4308*v - 38688. Give k(9).
3
Let m(w) = -49*w - 3273. Give m(-66).
-39
Let d(r) = -35084*r + 70164. What is d(2)?
-4
Let t(h) = -2129*h - 14891. What is t(-7)?
12
Let f(q) = 41*q + 3695. Calculate f(-90).
5
Let h(q) = 10*q**2 - 15*q - 26. Determine h(-3).
109
Let o(m) = m**2 + 33*m + 22. What is o(-15)?
-248
Let p(l) = 5*l**2 + 41*l - 124. Calculate p(-9).
-88
Let g(d) = -176*d + 6157. What is g(35)?
-3
Let a(z) = 47*z**2 - 9*z + 5. Determine a(2).
175
Let g(h) = -4*h**2 + 55*h + 88. Give g(22).
-638
Let i(n) = 119*n - 1657. Give i(10).
-467
Let h(n) = -2*n + 248. Calculate h(17).
214
Let p(s) = 2*s**2 + 68*s - 487. Calculate p(-40).
-7
Let l(t) = 2*t**2 - 18*t - 37. Give l(-2).
7
Let d(r) = 49*r - 55. Give d(1).
-6
Let g(w) = 12*w**3 - 2*w - 2. Calculate g(-1).
-12
Let q(o) = o**3 - 5*o**2 + 50*o + 278. Calculate q(-5).
-222
Let v(a) = 71*a - 2062. Determine v(29).
-3
Let v(d) = 2652*d - 11. Give v(0).
-11
Let n(w) = -w**3 - 20*w**2 - 14*w - 302. Calculate n(-20).
-22
Let d(z) = 2*z**3 - 33*z**2 + 72*z - 45. Give d(14).
-17
Let c(w) = -w**3 + 9*w**2 - 2*w - 55. Determine c(8).
-7
Let k(d) = 6*d**2 + 65*d + 209. Calculate k(-7).
48
Let c(p) = 55*p - 3674. Calculate c(67).
11
Let v(j) = -52*j + 1510. Determine v(29).
2
Let d(f) = -f**2 - 675*f + 4772. Calculate d(7).
-2
Let t(o) = -o**3 + 21*o**2 + 44*o + 125. Determine t(23).
79
Let l(c) = -59*c - 53. What is l(-1)?
6
Let g(n) = -n**2 + 41*n - 359. Determine g(13).
5
Let d(i) = -3*i**3 + 10*i**2 + 43*i - 238. What is d(5)?
-148
Let c(j) = -3*j - 88. Give c(13).
-127
Let l(x) = -x**3 - 10*x**2 - 9*x - 22. What is l(-8)?
-78
Let r(h) = 8*h**2 - 16*h - 7. Give r(4).
57
Let q(a) = -48*a + 619. Give q(16).
-149
Let y(d) = -165*d**2 - d - 1. Determine y(-1).
-165
Let v(i) = 126*i - 517. Calculate v(7).
365
Let z(i) = i**3 + 196*i**2 + 13*i + 2571. Determine z(-196).
23
Let x(f) = 5*f + 27. Calculate x(-13).
-38
Let p(d) = -d**2 + 155*d - 5958. Give p(71).
6
Let r(u) = -430*u - 5165. Calculate r(-12).
-5
Let j(a) = a**3 + 11*a**2 - 61*a - 50. Give j(-15).
-35
Let w(f) = -11*f + 37. Calculate w(-3).
70
Let h(w) = -w**3 - 6*w**2 + 28. Calculate h(-5).
3
Let o(q) = -15*q - 109. Give o(-8).
11
Let l(m) = 2*m**3 - m**2 - m - 1. Calculate l(2).
9
Let w(j) = 16*j**3 + 27*j**2 - 24*j - 2. Determine w(1).
17
Let s(v) = 730*v + 40146. What is s(-55)?
-4
Let i(u) = -8*u**2 - 32*u - 21. Give i(-3).
3
Let b(s) = -37*s**2 - 8*s - 7. What is b(-1)?
-36
Let l(d) = d**3 + 8*d**2 - 19*d + 22. Give l(-10).
12
Let r(x) = x**3 - 32*x**2 - 239*x - 29. Give r(-6).
37
Let d(p) = p**2 - 77*p + 1095. Give d(58).
-7
Let p(u) = u**2 + 8*u - 120. Give p(-16).
8
Let f(q) = 17*q - 121. Determine f(-4).
-189
Let f(q) = -4*q**3 - 137*q**2 - 37*q - 108. What is f(-34)?
-6
Let g(y) = y**3 + 31*y**2 + y + 6. Determine g(-2).
120
Let i(t) = 44*t + 306. Determine i(-8).
-46
Let r(d) = d**3 - 13*d**2 - 2*d - 75. Determine r(14).
93
Let q(s) = -724*s + 2744. Give q(4).
-152
Let z(m) = m**3 + 50*m**2 - 61*m + 2252. Calculate z(-52).
16
Let d(c) = 5*c**2 - 15*c - 100. What is d(-6)?
170
Let y(o) = 2*o**3 + 82*o**2 - 91*o - 175. Calculate y(-42).
119
Let p(q) = 2*q**3 - 6*q**2 - 49*q + 9. Calculate p(-4).
-19
Let u(o) = -o**2 + 16*o - 110. What is u(7)?
-47
Let f(d) = -d**2 + 4*d + 21. What is f(8)?
-11
Let s(u) = 2*u**3 - 32*u**2 + 94*u + 6. Give s(12).
-18
Let i(s) = -2*s**2 - 175*s + 1133. Calculate i(6).
11
Let l(r) = -3*r**3 - 10*r**2 - 60*r - 289. Determine l(-5).
136
Let f(r) = -221*r + 22552. What is f(102)?
10
Let x(u) = -920*u - 26725. What is x(-29)?
-45
Let z(s) = -s**3 - 22*s**2 - 94*s + 21. Determine z(-16).
-11
Let z(r) = -3*r**3 - 49*r**2 - 21*r - 84. Determine z(-16).
-4
Let i(k) = 2*k**2 + 5*k - 82. Determine i(-11).
105
Let m(f) = -5*f**2 - 77*f - 303. Give m(-11).
-61
Let y(k) = -k**2 - 27*k - 75. What is y(-28)?
-103
Let j(r) = -r**3 + 46*r**2 + 187*r + 643. Calculate j(50).
-7
Let a(f) = -f**3 + 8*f**2 + 131*f + 20. Determine a(-9).
218
Let p(q) = 2*q**3 + 284*q**2 + 44. What is p(-142)?
44
Let d(b) = -20*b - 487. Calculate d(-23).
-27
Let k(h) = -446*h + 22736. Give k(51).
-10
Let r(o) = -48*o + 6683. Determine r(139).
11
Let l(o) = 2*o**2 - 50*o - 220. What is l(-4)?
12
Let m(o) = -o**3 - 51*o**2 - 270*o - 3907. Calculate m(-47).
-53
Let j(x) = -x**3 - 34*x**2 + 1399*x + 406. What is j(-58)?
0
Let j(t) = t**3 + 62*t**2 - 133*t - 308. What is j(-64)?
12
Let u(i) = i**3 - 11*i**2 + 25*i - 110. Give u(8).
-102
Let d(f) = 72*f**2 - 55*f + 3. What is d(2)?
181
Let c(u) = -u**3 + 22*u**2 - 55*u - 31. Calculate c(19).
7
Let o(q) = -2*q**3 - 5*q**2 - 9*q - 14. Determine o(-3).
22
Let h(t) = 2*t**2 + 54*t + 74. Give h(-25).
-26
Let x(g) = g**3 - 63*g**2 + 64*g + 19. Calculate x(62).
143
Let g(i) = 10*i**2 - 80*i - 1. Calculate g(7).
-71
Let t(d) = -102*d - 295. What is t(-3)?
11
Let t(y) = y**3 - 35*y**2 - 41*y - 73. Calculate t(36).
-253
Let u(y) = -142*y + 2128. Give u(15).
-2
Let b(o) = 3*o**3 + 8*o**2 + 28*o - 18. Determine b(-6).
-546
Let g(x) = -x**3 + 22*x**2 + 49*x - 595. Determine g(23).
3
Let m(d) = 2*d**2 + 24*d + 51. Determine m(-15).
141
Let g(i) = -96*i + 674. Determine g(7).
2
Let c(r) = -4*r**3 - 20*r**2 + 29*r + 137. What is c(-5)?
-8
Let q(j) = 55*j - 75. Calculate q(0).
-75
Let z(r) = -r**3 + 166*r**2 + 977*r - 19. What is z(-6)?
311
Let d(b) = -40*b + 16. Determine d(2).
-64
Let m(z) = z**2 - 17340*z + 104021. Give m(6).
17
Let w